s -244 (base 9) in base 2?
-11001010
Convert -14025 (base 6) to base 12.
-1315
1135 (base 6) to base 8
423
Convert -dc (base 15) to base 7.
-414
What is -202011020 (base 3) in base 8?
-34546
Convert c42 (base 14) to base 9.
3267
-229 (base 10) to base 8
-345
Convert 21122 (base 3) to base 13.
12b
Convert -9458 (base 15) to base 9.
-47012
-111025 (base 7) to base 10
-19570
What is 9062 (base 11) in base 2?
10111100001111
Convert 636 (base 10) to base 14.
336
What is -1048 (base 9) in base 3?
-1001122
What is 2226 (base 11) in base 14?
10d6
Convert -e98 (base 16) to base 9.
-5111
What is -21122102 (base 3) in base 5?
-134243
What is -500513 (base 6) in base 4?
-21202131
Convert -83825 (base 9) to base 4.
-31200302
1102221 (base 3) to base 5
13201
What is b13a (base 12) in base 6?
224514
What is 31001322 (base 4) in base 5?
3201440
Convert -587 (base 9) to base 6.
-2124
What is 332b (base 16) in base 3?
122222011
-10 (base 4) to base 12
-4
What is -237 (base 16) in base 13?
-348
Convert 210234 (base 5) to base 12.
4028
What is 5a9 (base 11) in base 15?
334
489 (base 12) to base 15
306
Convert -47d (base 16) to base 2.
-10001111101
Convert 736 (base 16) to base 7.
5245
213201 (base 4) to base 12
1569
Convert -2346 (base 9) to base 8.
-3317
111011011100011 (base 2) to base 10
30435
-1da (base 14) to base 3
-112101
-101027 (base 8) to base 2
-1000001000010111
Convert -40330 (base 6) to base 7.
-21324
Convert 3997 (base 10) to base 5.
111442
What is 32241 (base 6) in base 9?
6047
What is 53d0 (base 14) in base 10?
14490
What is -18237 (base 10) in base 5?
-1040422
-113223 (base 5) to base 8
-10134
What is -9592 (base 10) in base 6?
-112224
What is 620 (base 9) in base 2?
111111000
-534564 (base 7) to base 11
-63886
What is 22120033 (base 4) in base 15?
c8e1
21010 (base 3) to base 14
da
-101011211 (base 3) to base 9
-11154
What is 4598 (base 10) in base 8?
10766
-300122 (base 5) to base 3
-110220121
What is -346 (base 12) in base 9?
-600
-122103 (base 4) to base 6
-11443
Convert 11000010 (base 2) to base 13.
11c
What is -a03c (base 13) in base 3?
-1010012121
-aa7 (base 11) to base 8
-2457
-247 (base 16) to base 3
-210121
Convert 3c5 (base 16) to base 5.
12330
-41901 (base 11) to base 10
-60985
What is b5 (base 15) in base 7?
332
What is 11100110 (base 2) in base 9?
275
-324 (base 11) to base 12
-285
Convert -37503 (base 9) to base 7.
-133311
What is -838 (base 16) in base 9?
-2787
Convert -5685 (base 12) to base 11.
-7242
What is -2210 (base 8) in base 6?
-5212
What is 17394 (base 14) in base 11?
3a919
Convert -11110 (base 3) to base 7.
-231
What is -12103 (base 12) in base 9?
-36343
Convert 102212 (base 4) to base 11.
992
What is 303300 (base 6) in base 13?
ac68
Convert c0a2 (base 13) to base 10.
26496
Convert -1022122 (base 3) to base 15.
-442
Convert -27807 (base 12) to base 10.
-54727
-23 (base 6) to base 5
-30
Convert -5624 (base 14) to base 4.
-3221100
Convert 23022133 (base 4) to base 16.
b29f
Convert 13218 (base 9) to base 14.
3379
What is 2cc (base 13) in base 9?
622
What is -100010100001000 (base 2) in base 13?
-8075
Convert 640 (base 12) to base 2.
1110010000
-b5 (base 15) to base 14
-c2
1001000000110110 (base 2) to base 14
d650
1bf (base 16) to base 2
110111111
Convert -3010 (base 4) to base 5.
-1241
Convert -10302 (base 8) to base 14.
-17c6
-ec8 (base 15) to base 3
-11120122
103636 (base 8) to base 9
52555
What is 21113331 (base 4) in base 9?
57603
161e (base 16) to base 12
333a
Convert 21123 (base 4) to base 10.
603
Convert -1100 (base 2) to base 6.
-20
-3c1 (base 14) to base 8
-1365
What is 825 (base 13) in base 14?
70b
Convert -7715 (base 9) to base 2.
-1011000110100
Convert -16022 (base 7) to base 8.
-10573
What is -2410 (base 5) in base 12?
-257
1431403 (base 5) to base 16
7614
What is -443 (base 10) in base 5?
-3233
Convert -1230 (base 13) to base 5.
-40244
What is -3a16 (base 16) in base 13?
-69cb
Convert -220144 (base 6) to base 5.
-1040313
What is 231423 (base 7) in base 2?
1010000110011101
Convert 32a (base 15) to base 8.
1313
3b1 (base 14) to base 4
23213
Convert 3292 (base 10) to base 5.
101132
933 (base 13) to base 4
120123
-15687 (base 10) to base 2
-11110101000111
1342 (base 11) to base 9
2343
d9d0 (base 14) to base 10
37618
What is -1000001000110 (base 2) in base 3?
-12201022
1100101110 (base 2) to base 6
3434
Convert -4a5 (base 12) to base 2.
-1010111101
What is -14640 (base 8) in base 10?
-6560
What is 111122 (base 3) in base 11?
305
Convert -163 (base 15) to base 9.
-383
1001100110100 (base 2) to base 4
1030310
Convert 31b (base 14) to base 4.
21211
-6 (base 13) to base 6
-10
Convert 3332213 (base 4) to base 9.
24315
Convert -c8a (base 15) to base 11.
-2143
71165 (base 8) to base 5
1414201
What is 344 (base 10) in base 5?
2334
Convert -1ebb (base 16) to base 4.
-1322323
-27a (base 13) to base 7
-1165
-339 (base 10) to base 4
-11103
Convert -1604 (base 8) to base 10.
-900
What is 4093 (base 12) in base 11?
5305
268 (base 14) to base 12
344
What is 3311111 (base 4) in base 14?
5a17
Convert -10772 (base 8) to base 6.
-33150
-155463 (base 7) to base 10
-30768
Convert 2074 (base 8) to base 9.
1434
What is -64b4 (base 13) in base 12?
-8131
Convert -1001011011 (base 2) to base 16.
-25b
What is -1011220 (base 3) in base 10?
-861
What is -3662 (base 8) in base 4?
-132302
What is 326b (base 14) in base 2?
10001000001111
What is -22221 (base 7) in base 16?
-15e1
Convert 31032 (base 5) to base 3.
2202201
Convert 22021110 (base 3) to base 13.
2991
Convert 101101 (base 3) to base 11.
235
1a46 (base 14) to base 6
34022
What is -36534 (base 8) in base 2?
-11110101011100
1442 (base 14) to base 3
11220211
What is 18876 (base 9) in base 15?
3d40
-102202 (base 4) to base 13
-703
Convert -200043 (base 5) to base 9.
-8540
-1180 (base 14) to base 9
-4161
-521 (base 7) to base 5
-2020
What is -122222 (base 3) in base 14?
-269
Convert -445 (base 8) to base 10.
-293
What is 22004 (base 7) in base 8?
12564
What is -22221101 (base 3) in base 13?
-2c74
Convert 6c25 (base 15) to base 4.
11213021
102310 (base 7) to base 15
5367
-88b9 (base 12) to base 14
-571b
20133 (base 5) to base 8
2415
Convert 26316 (base 7) to base 15.
2130
Convert -184c (base 14) to base 16.
-111c
What is -8240 (base 11) in base 12?
-63b2
Convert 2c5 (base 14) to base 2.
1000110101
What is -1111202 (base 3) in base 4?
-101030
Convert 10425 (base 6) to base 16.
5b1
What is -42024 (base 7) in base 8?
-24104
Convert 17827 (base 10) to base 14.
66d5
-d2a (base 16) to base 14
-132a
-67 (base 10) to base 3
-2111
1b5 (base 13) to base 7
632
Convert -23131 (base 4) to base 10.
-733
df3 (base 16) to base 2
110111110011
What is -410a (base 15) in base 3?
-200211201
Convert 321 (base 11) to base 5.
3021
-42424 (base 5) to base 2
-101100110000
Convert 6a2 (base 11) to base 16.
346
Convert -10223 (base 4) to base 5.
-2144
22736 (base 8) to base 15
2d14
What is -6046 (base 11) in base 8?
-17544
Convert -346104 (base 7) to base 14.
-18904
246a (base 13) to base 6
35514
-3dd (base 14) to base 5
-11113
Convert 122222 (base 3) to base 8.
745
a090 (base 11) to base 2
11010001100001
Convert -5223 (base 6) to base 11.
-971
What is -22376 (base 9) in base 10?
-14892
Convert -223a5 (base 13) to base 5.
-3442113
-4535 (base 6) to base 16
-42b
Convert 2963 (base 10) to base 11.
2254
What is 11d13 (base 15) in base 16?
de6f
What is 2432 (base 7) in base 12?
635
-414 (base 6) to base 11
-130
41d (base 15) to base 12
654
Convert -23631 (base 7) to base 10.
-6147
-284 (base 15) to base 16
-23e
Convert -240321 (base 5) to base 13.
-4039
What is 6504 (base 7) in base 2?
100100000011
Convert -157 (base 11) to base 3.
-20210
Convert -130301 (base 5) to base 15.
-1786
Convert -20210 (base 4) to base 14.
-2b2
What is -24b8 (base 16) in base 11?
-7076
Convert 6227 (base 11) to base 2.
10000001000001
What is -29ca (base 14) in base 6?
-54222
What is 100001111011 (base 2) in base 11?
16a4
Convert 11d92 (base 16) to base 9.
121248
2204002 (base 5) to base 2
1001010001110010
What is -38533 (base 9) in base 15?
-7a50
What is 2738 (base 15) in base 12?
4a22
Convert -6dc (base 16) to base 2.
-11011011100
What is b39 (base 14) in base 4?
202133
-253 (base 9) to base 15
-e0
1712 (base 9) to base 5
20212
Convert -7577